{"id":603,"date":"2020-03-04T17:03:40","date_gmt":"2020-03-04T16:03:40","guid":{"rendered":"https:\/\/beka-events.de\/?page_id=603"},"modified":"2020-03-04T17:16:46","modified_gmt":"2020-03-04T16:16:46","slug":"business","status":"publish","type":"page","link":"https:\/\/beka-events.de\/index.php\/business\/","title":{"rendered":"Business Events"},"content":{"rendered":"\t\t<div data-elementor-type=\"wp-page\" data-elementor-id=\"603\" class=\"elementor elementor-603\">\n\t\t\t\t\t\t<section class=\"elementor-section elementor-top-section elementor-element elementor-element-d43c8a9 elementor-section-boxed elementor-section-height-default elementor-section-height-default\" data-id=\"d43c8a9\" data-element_type=\"section\">\n\t\t\t\t\t\t<div class=\"elementor-container elementor-column-gap-default\">\n\t\t\t\t\t<div class=\"elementor-column elementor-col-100 elementor-top-column elementor-element elementor-element-5f4a832\" data-id=\"5f4a832\" data-element_type=\"column\">\n\t\t\t<div class=\"elementor-widget-wrap elementor-element-populated\">\n\t\t\t\t\t\t<div class=\"elementor-element elementor-element-19849a9 elementor-widget elementor-widget-heading\" data-id=\"19849a9\" data-element_type=\"widget\" data-widget_type=\"heading.default\">\n\t\t\t\t<div class=\"elementor-widget-container\">\n\t\t\t<h2 class=\"elementor-heading-title elementor-size-default\">Ihr Business-Event soll einen bleibenden Eindruck<br>hinterlassen?<\/h2>\t\t<\/div>\n\t\t\t\t<\/div>\n\t\t\t\t<div class=\"elementor-element elementor-element-4a65141 elementor-widget elementor-widget-spacer\" data-id=\"4a65141\" data-element_type=\"widget\" data-widget_type=\"spacer.default\">\n\t\t\t\t<div class=\"elementor-widget-container\">\n\t\t\t\t\t<div class=\"elementor-spacer\">\n\t\t\t<div class=\"elementor-spacer-inner\"><\/div>\n\t\t<\/div>\n\t\t\t\t<\/div>\n\t\t\t\t<\/div>\n\t\t\t\t\t<\/div>\n\t\t<\/div>\n\t\t\t\t\t<\/div>\n\t\t<\/section>\n\t\t\t\t<section class=\"elementor-section elementor-top-section elementor-element elementor-element-9cc81cf elementor-section-boxed elementor-section-height-default elementor-section-height-default\" data-id=\"9cc81cf\" data-element_type=\"section\">\n\t\t\t\t\t\t<div class=\"elementor-container elementor-column-gap-default\">\n\t\t\t\t\t<div class=\"elementor-column elementor-col-50 elementor-top-column elementor-element elementor-element-d7dafe9\" data-id=\"d7dafe9\" data-element_type=\"column\">\n\t\t\t<div class=\"elementor-widget-wrap elementor-element-populated\">\n\t\t\t\t\t\t<div class=\"elementor-element elementor-element-78ce35e elementor-widget elementor-widget-image\" data-id=\"78ce35e\" data-element_type=\"widget\" data-widget_type=\"image.default\">\n\t\t\t\t<div class=\"elementor-widget-container\">\n\t\t\t\t\t\t\t\t\t\t\t\t\t<img fetchpriority=\"high\" decoding=\"async\" width=\"750\" height=\"500\" src=\"https:\/\/beka-events.de\/wp-content\/uploads\/2020\/03\/happy-co-workers-celebrating-while-company-party-VY6NG39-1024x683.jpg\" class=\"attachment-large size-large wp-image-515\" alt=\"\" srcset=\"https:\/\/beka-events.de\/wp-content\/uploads\/2020\/03\/happy-co-workers-celebrating-while-company-party-VY6NG39-1024x683.jpg 1024w, https:\/\/beka-events.de\/wp-content\/uploads\/2020\/03\/happy-co-workers-celebrating-while-company-party-VY6NG39-300x200.jpg 300w, https:\/\/beka-events.de\/wp-content\/uploads\/2020\/03\/happy-co-workers-celebrating-while-company-party-VY6NG39-768x512.jpg 768w, https:\/\/beka-events.de\/wp-content\/uploads\/2020\/03\/happy-co-workers-celebrating-while-company-party-VY6NG39-1536x1024.jpg 1536w, https:\/\/beka-events.de\/wp-content\/uploads\/2020\/03\/happy-co-workers-celebrating-while-company-party-VY6NG39-2048x1365.jpg 2048w, https:\/\/beka-events.de\/wp-content\/uploads\/2020\/03\/happy-co-workers-celebrating-while-company-party-VY6NG39-360x240.jpg 360w\" sizes=\"(max-width: 750px) 100vw, 750px\" \/>\t\t\t\t\t\t\t\t\t\t\t\t\t<\/div>\n\t\t\t\t<\/div>\n\t\t\t\t\t<\/div>\n\t\t<\/div>\n\t\t\t\t<div class=\"elementor-column elementor-col-50 elementor-top-column elementor-element elementor-element-02e2eca\" data-id=\"02e2eca\" data-element_type=\"column\">\n\t\t\t<div class=\"elementor-widget-wrap elementor-element-populated\">\n\t\t\t\t\t\t<div class=\"elementor-element elementor-element-c8450e2 elementor-widget elementor-widget-text-editor\" data-id=\"c8450e2\" data-element_type=\"widget\" data-widget_type=\"text-editor.default\">\n\t\t\t\t<div class=\"elementor-widget-container\">\n\t\t\t\t\t\t\t<p>Wir unterst\u00fctzen Sie w\u00e4hrend des gesamten Prozesses. Business-Events finden h\u00e4ufig auf dem eigenen Betriebsgel\u00e4nde statt. Unsere langj\u00e4hrige Erfahrung erm\u00f6glicht es uns, Sie passend zu beraten und Ihnen die passenden Ansprechpartner bereit zu stellen, wenn unser Kompetenzbereich ausgesch\u00f6pft ist. Sie wollen bspw. im Zelt feiern? Kein Problem, auch diese Sorge k\u00f6nnen wir Ihnen nehmen und Sie dahingehend bestens beraten.\u00a0<\/p>\t\t\t\t\t\t<\/div>\n\t\t\t\t<\/div>\n\t\t\t\t\t<\/div>\n\t\t<\/div>\n\t\t\t\t\t<\/div>\n\t\t<\/section>\n\t\t\t\t<section class=\"elementor-section elementor-top-section elementor-element elementor-element-1f44860 elementor-section-boxed elementor-section-height-default elementor-section-height-default\" data-id=\"1f44860\" data-element_type=\"section\">\n\t\t\t\t\t\t<div class=\"elementor-container elementor-column-gap-default\">\n\t\t\t\t\t<div class=\"elementor-column elementor-col-100 elementor-top-column elementor-element elementor-element-6b76248\" data-id=\"6b76248\" data-element_type=\"column\">\n\t\t\t<div class=\"elementor-widget-wrap\">\n\t\t\t\t\t\t\t<\/div>\n\t\t<\/div>\n\t\t\t\t\t<\/div>\n\t\t<\/section>\n\t\t\t\t<section class=\"elementor-section elementor-top-section elementor-element elementor-element-56bb38a elementor-section-boxed elementor-section-height-default elementor-section-height-default\" data-id=\"56bb38a\" data-element_type=\"section\">\n\t\t\t\t\t\t<div class=\"elementor-container elementor-column-gap-default\">\n\t\t\t\t\t<div class=\"elementor-column elementor-col-100 elementor-top-column elementor-element elementor-element-4e1a1b0\" data-id=\"4e1a1b0\" data-element_type=\"column\">\n\t\t\t<div class=\"elementor-widget-wrap elementor-element-populated\">\n\t\t\t\t\t\t<div class=\"elementor-element elementor-element-4a42b6a elementor-widget elementor-widget-spacer\" data-id=\"4a42b6a\" data-element_type=\"widget\" data-widget_type=\"spacer.default\">\n\t\t\t\t<div class=\"elementor-widget-container\">\n\t\t\t\t\t<div class=\"elementor-spacer\">\n\t\t\t<div class=\"elementor-spacer-inner\"><\/div>\n\t\t<\/div>\n\t\t\t\t<\/div>\n\t\t\t\t<\/div>\n\t\t\t\t\t<\/div>\n\t\t<\/div>\n\t\t\t\t\t<\/div>\n\t\t<\/section>\n\t\t\t\t<section class=\"elementor-section elementor-top-section elementor-element elementor-element-1c77f4f elementor-section-boxed elementor-section-height-default elementor-section-height-default\" data-id=\"1c77f4f\" data-element_type=\"section\">\n\t\t\t\t\t\t<div class=\"elementor-container elementor-column-gap-default\">\n\t\t\t\t\t<div class=\"elementor-column elementor-col-50 elementor-top-column elementor-element elementor-element-382ee50\" data-id=\"382ee50\" data-element_type=\"column\">\n\t\t\t<div class=\"elementor-widget-wrap elementor-element-populated\">\n\t\t\t\t\t\t<div class=\"elementor-element elementor-element-1e4d7f5 elementor-widget elementor-widget-text-editor\" data-id=\"1e4d7f5\" data-element_type=\"widget\" data-widget_type=\"text-editor.default\">\n\t\t\t\t<div class=\"elementor-widget-container\">\n\t\t\t\t\t\t\t<p>Gerne illuminieren wir Ihr Betriebsgel\u00e4nde oder Ihre R\u00e4umlichkeiten in Ihren Unternehmensfarben. Dabei greifen wir auf unsere leistungsf\u00e4hige Outdoor- und Indoor-Beleuchtung zur\u00fcck und schaffen eine einzigartige Atmosph\u00e4re.\u00a0<\/p>\t\t\t\t\t\t<\/div>\n\t\t\t\t<\/div>\n\t\t\t\t\t<\/div>\n\t\t<\/div>\n\t\t\t\t<div class=\"elementor-column elementor-col-50 elementor-top-column elementor-element elementor-element-98d725c\" data-id=\"98d725c\" data-element_type=\"column\">\n\t\t\t<div class=\"elementor-widget-wrap elementor-element-populated\">\n\t\t\t\t\t\t<div class=\"elementor-element elementor-element-f43c1c7 elementor-widget elementor-widget-image\" data-id=\"f43c1c7\" data-element_type=\"widget\" data-widget_type=\"image.default\">\n\t\t\t\t<div class=\"elementor-widget-container\">\n\t\t\t\t\t\t\t\t\t\t\t\t\t<img decoding=\"async\" width=\"750\" height=\"563\" src=\"https:\/\/beka-events.de\/wp-content\/uploads\/2020\/03\/nn-1024x768.jpeg\" class=\"attachment-large size-large wp-image-608\" alt=\"\" srcset=\"https:\/\/beka-events.de\/wp-content\/uploads\/2020\/03\/nn-1024x768.jpeg 1024w, https:\/\/beka-events.de\/wp-content\/uploads\/2020\/03\/nn-300x225.jpeg 300w, https:\/\/beka-events.de\/wp-content\/uploads\/2020\/03\/nn-768x576.jpeg 768w, https:\/\/beka-events.de\/wp-content\/uploads\/2020\/03\/nn-1536x1152.jpeg 1536w, https:\/\/beka-events.de\/wp-content\/uploads\/2020\/03\/nn.jpeg 1600w\" sizes=\"(max-width: 750px) 100vw, 750px\" \/>\t\t\t\t\t\t\t\t\t\t\t\t\t<\/div>\n\t\t\t\t<\/div>\n\t\t\t\t\t<\/div>\n\t\t<\/div>\n\t\t\t\t\t<\/div>\n\t\t<\/section>\n\t\t\t\t<section class=\"elementor-section elementor-top-section elementor-element elementor-element-66a88cd elementor-section-boxed elementor-section-height-default elementor-section-height-default\" data-id=\"66a88cd\" data-element_type=\"section\">\n\t\t\t\t\t\t<div class=\"elementor-container elementor-column-gap-default\">\n\t\t\t\t\t<div class=\"elementor-column elementor-col-100 elementor-top-column elementor-element elementor-element-cc974f7\" data-id=\"cc974f7\" data-element_type=\"column\">\n\t\t\t<div class=\"elementor-widget-wrap elementor-element-populated\">\n\t\t\t\t\t\t<div class=\"elementor-element elementor-element-c249a2f elementor-widget elementor-widget-spacer\" data-id=\"c249a2f\" data-element_type=\"widget\" data-widget_type=\"spacer.default\">\n\t\t\t\t<div class=\"elementor-widget-container\">\n\t\t\t\t\t<div class=\"elementor-spacer\">\n\t\t\t<div class=\"elementor-spacer-inner\"><\/div>\n\t\t<\/div>\n\t\t\t\t<\/div>\n\t\t\t\t<\/div>\n\t\t\t\t\t<\/div>\n\t\t<\/div>\n\t\t\t\t\t<\/div>\n\t\t<\/section>\n\t\t\t\t<section class=\"elementor-section elementor-top-section elementor-element elementor-element-b61ad76 elementor-section-boxed elementor-section-height-default elementor-section-height-default\" data-id=\"b61ad76\" data-element_type=\"section\">\n\t\t\t\t\t\t<div class=\"elementor-container elementor-column-gap-default\">\n\t\t\t\t\t<div class=\"elementor-column elementor-col-100 elementor-top-column elementor-element elementor-element-7b1576c\" data-id=\"7b1576c\" data-element_type=\"column\">\n\t\t\t<div class=\"elementor-widget-wrap elementor-element-populated\">\n\t\t\t\t\t\t<div class=\"elementor-element elementor-element-d9abcd4 elementor-widget elementor-widget-heading\" data-id=\"d9abcd4\" data-element_type=\"widget\" data-widget_type=\"heading.default\">\n\t\t\t\t<div class=\"elementor-widget-container\">\n\t\t\t<h2 class=\"elementor-heading-title elementor-size-default\">Interesse geweckt? Wir beantworten Ihre weiteren Fragen gerne in einem pers\u00f6nlichen Gespr\u00e4ch.<\/h2>\t\t<\/div>\n\t\t\t\t<\/div>\n\t\t\t\t\t<\/div>\n\t\t<\/div>\n\t\t\t\t\t<\/div>\n\t\t<\/section>\n\t\t\t\t<section class=\"elementor-section elementor-top-section elementor-element elementor-element-7959c3d elementor-section-boxed elementor-section-height-default elementor-section-height-default\" data-id=\"7959c3d\" data-element_type=\"section\">\n\t\t\t\t\t\t<div class=\"elementor-container elementor-column-gap-default\">\n\t\t\t\t\t<div class=\"elementor-column elementor-col-100 elementor-top-column elementor-element elementor-element-37c4f73\" data-id=\"37c4f73\" data-element_type=\"column\">\n\t\t\t<div class=\"elementor-widget-wrap elementor-element-populated\">\n\t\t\t\t\t\t<div class=\"elementor-element elementor-element-dad02eb elementor-align-center elementor-widget elementor-widget-button\" data-id=\"dad02eb\" data-element_type=\"widget\" data-widget_type=\"button.default\">\n\t\t\t\t<div class=\"elementor-widget-container\">\n\t\t\t\t\t\t\t<div class=\"elementor-button-wrapper\">\n\t\t\t\t\t<a class=\"elementor-button elementor-button-link elementor-size-sm\" href=\"https:\/\/bekatest.bosseotteholding.de\/staging\/index.php\/unverbindlich-anfragen\/\">\n\t\t\t\t\t\t<span class=\"elementor-button-content-wrapper\">\n\t\t\t\t\t\t\t\t\t<span class=\"elementor-button-text\">unverbindlich Anfragen<\/span>\n\t\t\t\t\t<\/span>\n\t\t\t\t\t<\/a>\n\t\t\t\t<\/div>\n\t\t\t\t\t\t<\/div>\n\t\t\t\t<\/div>\n\t\t\t\t\t<\/div>\n\t\t<\/div>\n\t\t\t\t\t<\/div>\n\t\t<\/section>\n\t\t\t\t<\/div>\n\t\t","protected":false},"excerpt":{"rendered":"<p>Ihr Business-Event soll einen bleibenden Eindruck hinterlassen? Wir unterst\u00fctzen Sie w\u00e4hrend des gesamten Prozesses. Business-Events finden h\u00e4ufig auf dem eigenen Betriebsgel\u00e4nde statt. Unsere langj\u00e4hrige Erfahrung erm\u00f6glicht es uns, Sie passend zu beraten und Ihnen die passenden Ansprechpartner bereit zu stellen, wenn unser Kompetenzbereich ausgesch\u00f6pft ist. Sie wollen bspw. im Zelt [&hellip;]<\/p>\n","protected":false},"author":3,"featured_media":344,"parent":0,"menu_order":0,"comment_status":"closed","ping_status":"closed","template":"","meta":{"footnotes":""},"class_list":["post-603","page","type-page","status-publish","has-post-thumbnail","hentry"],"_links":{"self":[{"href":"https:\/\/beka-events.de\/index.php\/wp-json\/wp\/v2\/pages\/603","targetHints":{"allow":["GET"]}}],"collection":[{"href":"https:\/\/beka-events.de\/index.php\/wp-json\/wp\/v2\/pages"}],"about":[{"href":"https:\/\/beka-events.de\/index.php\/wp-json\/wp\/v2\/types\/page"}],"author":[{"embeddable":true,"href":"https:\/\/beka-events.de\/index.php\/wp-json\/wp\/v2\/users\/3"}],"replies":[{"embeddable":true,"href":"https:\/\/beka-events.de\/index.php\/wp-json\/wp\/v2\/comments?post=603"}],"version-history":[{"count":7,"href":"https:\/\/beka-events.de\/index.php\/wp-json\/wp\/v2\/pages\/603\/revisions"}],"predecessor-version":[{"id":612,"href":"https:\/\/beka-events.de\/index.php\/wp-json\/wp\/v2\/pages\/603\/revisions\/612"}],"wp:featuredmedia":[{"embeddable":true,"href":"https:\/\/beka-events.de\/index.php\/wp-json\/wp\/v2\/media\/344"}],"wp:attachment":[{"href":"https:\/\/beka-events.de\/index.php\/wp-json\/wp\/v2\/media?parent=603"}],"curies":[{"name":"wp","href":"https:\/\/api.w.org\/{rel}","templated":true}]}}